e (5/(-10))/(2/(48*-168)). Suppose -5*j = -14*j + b. Calculate the highest common divisor of j and 8.
8
Suppose -146*n - 1665 = -147*n. Let g = n - 1189. What is the highest common divisor of g and 28?
28
Suppose 0 = 3*y - 2*v + 30 - 68, -7*y + 21 = 5*v. Calculate the highest common factor of 2024 and y.
8
Let p be (604*(3 - (-7 + 8)))/(-3 + 4). What is the greatest common divisor of p and 16?
8
Let f be (-72)/30*(-2 - 443). Suppose 2*m = o - 345, -4*o + f = -o + 5*m. Calculate the greatest common divisor of 27 and o.
27
Let n be (-45220)/(-85)*7*1/4. Calculate the greatest common divisor of n and 245.
49
Let f(w) = -10*w**3 - 3*w**2 + 1. Let c be f(-1). Let s(v) = 2*v**2 - 6*v - 71. Let n be s(c). What is the greatest common factor of n and 405?
9
Let u be 2 - (-4 - -2 - 6). Suppose -236 = 10*b + 114. Let y = b + 60. Calculate the greatest common divisor of u and y.
5
Suppose 5*n - 661 = n - 5*m, 0 = -n + m + 163. Suppose 4*y = -4*r + 164, -4*r + n = 3*y - 7*y. Calculate the greatest common divisor of 41 and r.
41
Let m be 32/(-6)*162/(-12). Let u be (-30)/6 + (-38)/(-2). Suppose 23 + u = 5*y - 4*h, -46 = -4*y - 5*h. What is the highest common factor of y and m?
9
Let q(z) = -z**3 - z + 3. Let n be q(0). Let d = -15191 - -15215. What is the greatest common divisor of d and n?
3
Suppose 3*k - 2*d - 2*d - 884 = 0, d - 1185 = -4*k. Let y = k - 288. What is the highest common divisor of 3 and y?
1
Let n = 36 + -26. Suppose 5*j - 455 = 1270. Suppose -x + 0*x + 3 = 0, 3*f - j = -5*x. What is the highest common divisor of f and n?
10
Let q be 1*(2478 - (-27 - -13)). Calculate the highest common divisor of q and 56.
28
Suppose -3*l = 16*l - 19. Let c be (6 - 0) + -8 - -25*l. What is the highest common divisor of 161 and c?
23
Suppose 33*c + 14*c + 11*c = 77952. What is the greatest common divisor of 210 and c?
42
Let d = 44 - 127. Suppose 3*m = l - 158, 2*l - 3*m = -97 + 398. Let p = d + l. Calculate the highest common divisor of p and 20.
20
Suppose 5*b - 536 = -4*j, -24*b = -27*b + 3*j + 354. Calculate the greatest common divisor of 1799 and b.
7
Let f be -242 + (-12)/(-8)*(-4)/6. Let z = 277 + f. Calculate the greatest common factor of z and 17.
17
Let g = -3572 + 5827. What is the greatest common factor of 55 and g?
55
Suppose 2*u = -0*u + 10. Let q(s) = -44 + 149 + 3*s - 33. Let w be q(-9). Calculate the highest common divisor of w and u.
5
Suppose 3*j - 755 = 4*a, 7*j = 9*j - 5*a - 515. Let f = j + -241. Calculate the highest common divisor of 292 and f.
4
Suppose -10 = -3*q + 2. Suppose -1410 = -5*j - 5*d, -843 = j - q*j - 4*d. Let m be (7 - j/25)*10/(-4). Calculate the highest common divisor of m and 121.
11
Suppose 15*a - 27*a - 164 = -16*a. Calculate the highest common divisor of a and 10.
1
Let q be (-101)/((392/42)/(-28)). Calculate the greatest common factor of q and 6.
3
Suppose -25*c + 30*c = 4*g + 114, -5*c + 2*g + 102 = 0. What is the highest common factor of c and 4038?
6
Let a be (1/(-2))/((-3)/6). Suppose -a - 9 = -5*u. Suppose -2*s = -u - 6. What is the highest common factor of s and 16?
4
Let j(k) = k**3 - 2*k**2 - 6*k - 7. Let r be (-1)/(-2)*8 + 0. Let w be j(r). What is the greatest common factor of 1 and w?
1
Let q = -180 - -115. Let k be (-1 + -4)*26/q. Suppose -k = 2*u - 32. What is the highest common divisor of u and 6?
3
Let o(h) = 169*h - 23. Let f be o(1). Suppose 136*j + 4270 = f*j. What is the greatest common divisor of j and 61?
61
Let i be 3 - (-5 - (4 - 7)). Let y be -86*-2*i/4. What is the highest common factor of 86 and y?
43
Let x be ((-2)/4)/((-4 - 8957/(-2249))/30). What is the highest common divisor of x and 55?
5
Let h be 160/25*570/24. Calculate the greatest common factor of 6232 and h.
152
Let v(p) = 41*p - 15. Let k be v(3). Calculate the greatest common factor of k and 864.
108
Let d = 26 - 22. Let b(t) = -t**2 + 11*t - 8. Let a be b(9). What is the greatest common factor of a and d?
2
Let x be -2*2/8 - 4/(-8). Suppose -2*v + 4*v + x*v = 0. Suppose -3*h = -4*o - 64, v = 4*h - 0*h + 4*o - 48. What is the greatest common factor of 80 and h?
16
Let r(s) = -17*s**2 + 311*s - 48. Let p be r(18). Suppose 106 = o + 2*h, 2*h - 218 = 2*o - 4*o. Calculate the greatest common factor of p and o.
14
Let u(l) = 186*l**2 + 79*l + 81. Let a be u(-1). Calculate the greatest common factor of 28 and a.
4
Let s(w) = -672*w - 2319. Let r be s(-12). What is the highest common divisor of r and 30?
15
Suppose -5*o + 4*v + 46 = 0, -5*o - 50 = -10*o + 5*v. What is the greatest common factor of 58 and o?
2
Let j be 270616/24 + ((-70)/(-30) - (2 - 1)). What is the greatest common divisor of 21 and j?
21
Let o be (2 + 4)*(4 - (-16)/(-6)). Let z be (2 - 14/10)/(o/680). Calculate the greatest common factor of z and 68.
17
Let q be 2/2 + (1 - -1). Suppose -2*o - 12 = o, -2*w = -3*o + 736. Let g = w + 378. What is the highest common factor of g and q?
1
Let c = 86 - 70. Suppose 2*r - 5 = 3*v, -v - 30 = -0*r + 5*r. Let j = 11 - v. What is the greatest common factor of j and c?
16
Suppose 3*a + 3*y = 1154 + 55, y + 2 = 0. Let d = -176 + 320. Let h = a - d. What is the highest common factor of 29 and h?
29
Let d = 7166 + -7070. Calculate the greatest common divisor of d and 4944.
48
Let y = 11 + 5. Suppose 0 = -7*x - 100 + 37. Let q be (-40)/(((-36)/(-8))/x). Calculate the highest common factor of q and y.
16
Suppose -19 = -4*y + 865. Let g(i) = 3*i**2 + 1. Let w be g(2). Calculate the highest common divisor of y and w.
13
Let j(o) = -660*o - 462. Let k be j(-2). Calculate the greatest common divisor of k and 2.
2
Let h(t) be the third derivative of -t**6/120 + t**5/6 + 3*t**4/8 + 23*t**3/3 + 6*t**2 + 4*t. Let m be h(10). What is the highest common factor of m and 24?
8
Let d(y) = 396*y**2 - 8*y - 4. Let f be d(2). Calculate the highest common divisor of f and 828.
92
Suppose 0 = 1119*y - 1124*y + 390. Let z = y - -45. Suppose 215 = 5*w + 2*q, 3*w - 133 = -q - q. What is the highest common factor of z and w?
41
Let p(z) = -41*z - 7. Let h be p(-11). Let r be (143/3146)/((-2)/(-1080)) - 6/11. What is the highest common divisor of r and h?
12
Let g be ((-20)/3)/2*(-96)/20. Suppose -25*f = -g*f - 3159. Calculate the greatest common factor of f and 13.
13
Suppose 6*f - 3*f = 204. Let c = -579 + 607. Let x = f - c. What is the greatest common factor of 360 and x?
40
Let u(j) = 41*j - 276. Let d be u(10). What is the greatest common divisor of d and 3953?
67
Suppose 2*m + l - 285 = 0, -101 = -4*m + l + 466. Let h = m - 60. Let x = 106 - h. What is the highest common factor of x and 18?
6
Let m(t) = 39*t**2 + 32*t - 3. Let l be m(-6). What is the greatest common divisor of 195 and l?
39
Let w = 69 + -66. Let t be 4*w*(-1)/(-6) - -89. Let i be (-5)/15*0 + -4 + 30. Calculate the greatest common divisor of t and i.
13
Let n(a) = -6*a**2 + 2*a + 68. Let b be n(0). Let z = -46 + b. What is the greatest common factor of 2 and z?
2
Let t(c) = c**3 + 30*c**2 + 24*c - 21. Let n(w) = -12*w - 29. Let j be n(0). Let l be t(j). Calculate the greatest common factor of 310 and l.
62
Let j(q) = -q + 19. Let x be j(-10). Suppose 5*t - 84 = -x. Suppose 5*f = 5, -5*s + 2*f - 11 = -119. What is the greatest common factor of t and s?
11
Let o(t) = 11*t**3 + 374*t**2 - 41*t - 148. Let k be o(-34). Calculate the highest common factor of k and 98.
14
Let o be ((-27)/18)/((-15)/20). Suppose 4*j - 172 = v, 0 = j - o*v + 3*v - 43. Calculate the highest common factor of j and 1376.
43
Let q be (102/85)/(18/6120). Calculate the greatest common factor of q and 2193.
51
Let r(t) = -t**2 - 32*t - 12. Let b be r(-31). Suppose 24*i = l + b*i - 77, 4*i + 82 = l. What is the highest common factor of l and 34?
34
Let q be (-175 - -4)*(-65)/39. Calculate the greatest common divisor of 540 and q.
15
Suppose 0 = 50*c - 20053 + 7003. Suppose 60 = 5*b - 0*b - 3*a, 65 = 5*b - 4*a. Calculate the greatest common factor of b and c.
9
Suppose -58*x + 48 = -68. Suppose -x*c + 27 = -33. What is the greatest common factor of c and 6?
6
Let v(r) = -2*r**3 - 7*r**2 + 4*r. Let f be v(-4). Suppose -2*i - 4*y + 834 = 0, 5*i - y + 980 - 3043 = f. Calculate the highest common factor of 7 and i.
7
Let j = -36 + 37. Let c(p) = -p + 1. Let k(u) = -2*u - 22. Let f(g) = j*k(g) + 3*c(g). Let x be f(-5).